 and 448?
8
Let u(n) = n**2 - 3*n + 3. Suppose -34*w - 255 = -39*w. Let r = 56 - w. Let v be u(r). Calculate the greatest common divisor of 1 and v.
1
Suppose -51*h + 169848 = 21*h. Calculate the greatest common factor of h and 2.
1
Suppose 3*t + 704 = -4*j, -3*j - 331 - 197 = 5*t. Let z = j - -388. Suppose -z + 972 = 5*m. What is the greatest common divisor of 19 and m?
19
Let r = -29443 - -37569. Calculate the greatest common divisor of 68 and r.
34
Suppose -5 = -3*k - 4*x + 115, -208 = -5*k - 4*x. What is the greatest common divisor of 4796 and k?
44
Let n be 20/(10/(-6)*((-1168)/(-80) - 15)). What is the greatest common divisor of n and 60?
30
Suppose 3*h + 7*k - 2*k - 48 = 0, -16 = -h + k. Let u be ((-4)/6)/(4/30). Let j = 9 + u. What is the greatest common factor of j and h?
4
Suppose 0 = -645*x + 597*x + 28224. What is the highest common divisor of 6 and x?
6
Suppose -5*s - 330 = -11*s. Suppose -3*o - 5 = -3*j - 44, 0 = 5*o - 3*j - s. What is the highest common divisor of 248 and o?
8
Let n(m) = -m**3 + 26*m**2 - 22*m - 45. Let b be n(25). Suppose -b - 30 = -6*l. Let z = 31 + -21. Calculate the highest common factor of l and z.
10
Let v be (-2)/(-8) + 1366/8. Let f = -4901 - -4920. What is the highest common factor of v and f?
19
Let l be -1092*(-8 - 130/(-20)). Calculate the greatest common divisor of l and 42.
42
Suppose -3*i - l + 667 = 0, -2*i - 3*l - 227 + 660 = 0. What is the highest common factor of 14 and i?
14
Let z be 4 + (16/1)/(-4). Suppose z = -2*u + 4*u + 304. Let k = 416 + u. Calculate the greatest common divisor of k and 24.
24
Let n(s) = s**2 + 19*s - 88. Let p be n(-23). Let a be 280/(-420)*((-954)/p + 0). Calculate the greatest common factor of a and 106.
53
Suppose -s + 24 = 2*s. Suppose -5*v - 36 = -s*v. Let w be (-12 - 0)/(v/(-8)). What is the highest common divisor of w and 24?
8
Let i(r) = 5*r + 5. Let w = 0 + -47. Let f = w - -50. Let v be i(f). What is the highest common divisor of 100 and v?
20
Let k = -390 - -573. Suppose 3*n = -4*x + 156, 3*n - 4*x - k = x. What is the greatest common factor of 8 and n?
8
Suppose -x - 4*z + 7 = 0, 3*x + 69 - 140 = -2*z. Calculate the greatest common factor of x and 2619.
27
Let v(w) = 306*w**2 - 2*w + 1. Let m be v(1). Let q be ((-48)/(-360)*-5)/((-10)/75). Calculate the greatest common factor of m and q.
5
Let u = 50 + 12. Suppose 2387*c - 3038 = 2289*c. Calculate the highest common divisor of u and c.
31
Let r(f) = 3*f**2 - f + 7. Let p be r(0). Let s be (-4754)/(-14) - (-21)/49. Suppose s = p*x - 3*x. What is the greatest common factor of x and 5?
5
Let y(k) = -k**2 + 11*k - 5. Let i be y(4). Suppose 28 = g + 4*p, -g + 28*p + 10 = i*p. What is the greatest common factor of g and 2?
2
Let m be 1/((-6)/44)*((-1005)/30 + 17). Calculate the highest common factor of 33 and m.
11
Suppose 66 = 19*d - 1013 + 53. Calculate the highest common factor of 1728 and d.
54
Suppose w + 12 = 3*h, 0 + 4 = h - 5*w. Let p(x) = 2*x**2 - 3*x**2 + 18 - 4 + h*x. Let n be p(6). Calculate the greatest common divisor of n and 5.
1
Let v(m) = 2*m**2 - 9*m + 15. Let o be v(-6). Let d = o - 122. Let r = 158 - 101. What is the highest common factor of d and r?
19
Suppose 3*t = t - 10, -3*l + 5*t + 256 = 0. Let z = l + -71. What is the greatest common divisor of z and 96?
6
Suppose -y + 0*y + 34 = -4*j, 58 = 3*y - j. Let o be -3 - -3 - (-594)/(2/1). What is the highest common divisor of y and o?
9
Suppose 0 = 54*f - 51*f + 51. Let m = -2 - f. What is the greatest common divisor of m and 255?
15
Let c(k) = 6*k**2 + 25*k + 14. Let h be c(-6). Let y be -96*(-1 + 1/(-6)*-3). Calculate the highest common factor of h and y.
16
Let h(i) = 4*i**2 - 34*i - 221. Let b be h(-13). Calculate the greatest common factor of b and 65.
13
Let b = 1958 - 1386. What is the highest common factor of 88 and b?
44
Suppose 0 = 12*m - m - 220. Suppose 2*n - 10*l = -8*l + 290, 0 = 2*n - 4*l - 300. What is the highest common divisor of m and n?
20
Let p(b) = 3*b**2 + 53*b + 49. Suppose 0 = -5*c + 4*g - 97, 13*c - 15*c - 38 = -2*g. Let z be p(c). What is the highest common divisor of z and 7?
7
Suppose 10*t = 16 + 34. Suppose -3*b + t = w - b, 4*w + b - 48 = 0. Suppose 2*m - 452 - 16 = 0. Calculate the greatest common factor of w and m.
13
Let k = -22918 + 26686. Calculate the greatest common factor of k and 240.
24
Let f(d) = 22*d - 2. Let m be f(1). Let x(j) = 51*j + 644. Let a be x(-12). What is the highest common factor of m and a?
4
Suppose 0 = o - 0 + 8. Let s be (-6)/o + (-6)/(-24). Let r be (4/3)/(s/36). What is the greatest common divisor of r and 84?
12
Suppose 939*v - 320 = 935*v. Let c = 2 + 2. Suppose c*m - 14 = -2*a, a = -3*m + 5*a + 27. Calculate the highest common divisor of v and m.
5
Let x(r) = 4*r**2 - 82*r + 86. Let d be x(20). What is the greatest common factor of d and 98?
2
Suppose -5*h = 5*j - 15, 5*h - 5 = -4*j + 11. Let u be (-1)/(72/(-282)) - h/(-48). What is the greatest common factor of 8 and u?
4
Let l = -1133 + 1806. Suppose -4*c + w = -w - 894, 2*w = 3*c - l. Suppose 0 = f + 5*f - 78. Calculate the highest common factor of c and f.
13
Let k(r) = 224 + 760*r - 253*r - 254*r - 252*r. Let n be k(-37). What is the greatest common factor of 11 and n?
11
Let h = -3235 + 3265. What is the highest common factor of h and 4035?
15
Let t(o) = -1968*o - 11757. Let c be t(-6). What is the greatest common factor of c and 13464?
51
Suppose 3*b = -3*u - b - 1929, 3*u + 3*b + 1926 = 0. Let c be 1/(u/(-1266) + (-1)/2). Suppose 3*k - 89 = c. Calculate the highest common divisor of 20 and k.
20
Suppose 3*b - 102 = -1452. Let k = b - -775. What is the highest common factor of 65 and k?
65
Let y be 254 + 3 + -5 + -3 + 3. Let x = y - 243. Calculate the highest common divisor of x and 162.
9
Let t(i) = -36*i - 221. Let x be t(-7). What is the greatest common factor of 16957 and x?
31
Let y(c) = 320*c - 280. Let k be y(2). Calculate the highest common factor of 342 and k.
18
Let s(x) = 13*x**2 - 366*x - 169. Let j be s(36). What is the greatest common factor of 279 and j?
31
Let n(j) = -10*j**2 + j - 1. Let y be n(-4). Let b(l) = -16*l - 256. Let p be b(9). Let r = y - p. What is the greatest common divisor of 47 and r?
47
Suppose 10 = -5*b, -3 = -c + 4*b + 12. Suppose -c*r - 3*n = -5*r - 183, -242 = -3*r + 2*n. Calculate the greatest common factor of 21 and r.
21
Let v = 26 + 7. Let k = 778 + -778. Suppose -m - 19 - 18 = -4*o, k = -4*o - 3*m + v. Calculate the greatest common factor of o and 72.
9
Let i be 533/65 + -7 - 60668/(-10). What is the highest common factor of 148 and i?
148
Suppose 247*j - 279*j = -1856. What is the greatest common divisor of j and 14558?
58
Suppose 5*b - 6150 = -20*b. Let o = 571 - b. What is the greatest common divisor of o and 50?
25
Let q(b) = -2*b - 33. Let z be q(-19). Suppose 2*k - 19 = t, -2*k + z*t = 3*k - 55. What is the highest common factor of k and 8?
8
Suppose 5*g - 2*a = 2842, 3*g - 6*a = -a + 1690. Let m = 46 - 27. Calculate the greatest common factor of g and m.
19
Let t be (8 - 1)*816/(-119). Let p = 28 - t. What is the greatest common divisor of p and 190?
38
Let r(s) = s**3 - 70*s**2 + 266*s + 120. Let j be r(66). Suppose -2*k = -16*k + 784. Calculate the greatest common factor of j and k.
28
Suppose 4*z - 150 = 2*v, -20*v = -19*v + 3. Calculate the greatest common factor of 2250 and z.
18
Let x(a) = 3484*a + 12. Let c be x(1). Calculate the highest common divisor of 114 and c.
38
Let p be 1 - (-11 + (-24)/(-6)). Let x(a) = 3*a + 15. Let n = 64 + -61. Let s be x(n). What is the greatest common factor of p and s?
8
Let f be (390/52)/(1/2). Calculate the greatest common factor of 1515 and f.
15
Let u = 55 + -9. Let s = 43 - u. Let x = s - -17. Calculate the greatest common factor of 14 and x.
14
Suppose -165 = 6*l + 9. Let k be ((-2)/(-4))/(l/(-580)). What is the greatest common factor of 95 and k?
5
Let y(m) = 165*m + 1602. Let j be y(-9). Calculate the greatest common factor of 9477 and j.
117
Let z = 23820 + -21466. Calculate the greatest common divisor of 22 and z.
22
Suppose -g - 17 = -5*h - 15, -5*h + 30 = 0. Calculate the greatest common divisor of 1988 and g.
28
Suppose 0 = 4*c + 1 - 13. Let a(y) = 13 - 16 - y + c*y**2 - y - y. Let b be a(3). What is the greatest comm